 + -2
-2
Evaluate -15 - (6 - (23 + 7)).
9
What is 11 - (-1 + 24 + 0 + (89 - 79))?
-22
What is the value of (-5 - (-6 - -4)) + -2 + 1?
-4
Evaluate -10 + (-16 - (-12 - -2) - -1).
-15
Evaluate (-9 - (31 - 24)) + 19.
3
Calculate 14 + (-21 - -18 - 14).
-3
(3370 - 3383) + (31 - 1)
17
Calculate (0 - 2 - 7) + (27 - (21 + 0)).
-3
Evaluate 6 - (-9 + -15 + 37).
-7
What is the value of -24 - -8 - -17 - 19?
-18
What is the value of 0 + 10 + (1 - (9 + -3))?
5
What is the value of -7 + 11 + -8 - -15?
11
Calculate (-22 - -7) + 13 + (3 - 3) + 20.
18
What is the value of 24 + (-13 - -6) + -2 - 33?
-18
30 - ((17 - 18 - -11) + -7)
27
What is the value of 14 - (31 + -9 + -14)?
6
What is -13 + (-1 - (-15 + 6 + 2))?
-7
What is the value of 7 + -14 - (-4 - 3)?
0
-21 + (12 - -1) - (-2 + -3 + -38)
35
Evaluate -22 + 3 + 2 + -5 + 30.
8
What is 0 + 4 + 4 - (14 - (3 - -1))?
-2
(-10 + 9 - -10) + -5 + -6 + 1
-1
What is -2 + 1 + -5 - (1018 - 1012)?
-12
What is the value of -4 - (-29 - (-57 + 22))?
-10
Evaluate -7 + (7 - (-50 + 15)) - (-1 + 5).
31
What is the value of -4 + 8 + (-13 + 11 - (-2 - -1))?
3
Calculate 13 - (-9 + 8 + 1 - (-5 - 1)).
7
What is the value of (1 + -2 - (-7 + 5)) + (2 - 8)?
-5
38 - (-6 - (45 - 75))
14
What is 26 + -24 + 19 + -39?
-18
(29 - 9) + -32 + 19
7
0 + (16 - 7) + (5 - 7)
7
What is the value of (-6 - -29 - 18) + (-3 - -12)?
14
4 - (-4 - 5 - -6 - -6) - 0
1
What is (2 - 2) + (18 - 6) + -6 + 3?
9
141 - 120 - (0 + 15)
6
Calculate (5 - 10) + 10 + (-41 - -9 - -10).
-17
What is -7 - (8 + (-25 - -13))?
-3
Evaluate (-6 - 1) + (12 - 3).
2
What is the value of (25 - (53 - 1)) + 32?
5
Calculate 21 - (-108 + 138) - (0 + -31).
22
What is -6 - (-13 + (17 - 11))?
1
What is the value of 31 + 8 + -22 + -4?
13
What is the value of (0 - -3) + 14 + (28 - 33) - -3?
15
Evaluate (-1 + 4 - -3) + (-12 - (-1 + 0)).
-5
(9 - 0) + (-9 + 9 + 4 - 3)
10
62 - 67 - (4 - (1 + -5))
-13
What is 2 + 11 - (19 - (2 - -11))?
7
Evaluate 15 - 7 - 1 - (-15 + 18).
4
Calculate (64 - (37 + -5)) + -32.
0
What is the value of 21 + (-12 - 3) - (6 + 0 - 2)?
2
Evaluate -24 + (26 - 10) - -4 - (0 - 16).
12
Calculate -23 - (-18 - -28) - -36.
3
What is the value of -1 + 0 + (-40 - -30) + 13?
2
-2 + -1 + (-3 + -16 + 11 - 0)
-11
-11 + (22 - 17) + 28
22
Evaluate -7 - (2 + (-18 + 8 - 4)).
5
-57 + 38 - (-4 + -32)
17
What is -10 + (9 - 16 - -14)?
-3
Calculate -1 - (-1 - (-4 - 7)).
-11
What is the value of -28 + 19 + -1 + 12 + (-12 - -1)?
-9
Evaluate -28 - (-27 - -11 - -11 - (4 + -12)).
-31
What is the value of 26 + (3 - 1) + 45 + -42 + -9?
22
What is 7 - 5 - 1 - (-11 - -1)?
11
-2 + ((-1 - -1) + 9 + -4 - 8)
-5
What is the value of -23 + 12 + (20 - -3)?
12
Evaluate (13 - 18) + 13 + -1 + -12 + 12.
7
(-8 - (-9 - -5)) + -5 + (-4 - -9)
-4
Evaluate 6 + -11 + 18 + -8 - -7 - -24.
36
What is the value of -12 - (16 - 37) - 43?
-34
7 - -5 - 4 - 0
8
What is 4 - (-1 + 1 - (-71 - -66))?
-1
(11 + -20 - -14) + (-13 - -4)
-4
Calculate (1 - -7) + -3 - 17.
-12
Evaluate (12 - 8) + (-17 - (3 - 3)).
-13
Evaluate 13 - -3 - 4 - 3.
9
What is the value of 1 + -10 + -1 + -521 + 530?
-1
Evaluate 1 + (3 + 1 - 15) + 6.
-4
What is the value of -1 - 0 - (13 + 13 + -20)?
-7
Calculate 0 + -1 + (-52 - (39 - 74)).
-18
Calculate -7 + 16 + (15 - (7 + -17)).
34
What is -18 + (47 + -18 - -9)?
20
-30 - -17 - (-1 + 3) - -7
-8
What is the value of 4 - (0 - 0) - (2 + -58 + 44)?
16
Calculate ((0 - -1) + 0 - -9) + 272 + -280.
2
Evaluate 9 + (-37 - -30 - 1).
1
What is the value of -16 - -12 - (8 - (-6 + 0))?
-18
What is 8 + (2 - 5) + 1 - (-3919 + 3928)?
-3
Calculate (0 - 6 - -42) + -21.
15
-6 - 2 - (20 - (10 + -1) - -3)
-22
What is the value of -14 + (38 - 16) - (-10 + 0)?
18
Evaluate -7 + (-1 - -1) - (2 - -6).
-15
What is the value of (60 - 66) + (1 - 5)?
-10
Evaluate -32 - ((-20 - -33) + -5).
-40
Calculate 2 - 8 - (14 + -39 - (-2 + 8)).
25
What is (-14 - (-27 + 16)) + -1?
-4
Evaluate (-3 - (0 - 4 - -8 - 13)) + 10.
16
What is -11 - (2 + (-13 - 13))?
13
What is 4 + 1 - (66 + -80 - (-10 - -1))?
10
Calculate (-14 - -5) + -9 + 8.
-10
(-5 - (8 - 4 - 10)) + -1 + 9
9
What is the value of 2 + 2 + 10 + 11 + -24?
1
Calculate -19 + -1 + -2 + (-22 - -34).
-10
What is the value of 118 + -124 - (-4 - (-1 + 1))?
-2
((-2 - -17) + -8 - -14) + -13
8
Evaluate -231 + 233 + (19 - -3).
24
6 + (4 - 7 - 0) + 11
14
Calculate (2 - 3) + (-1 - (-9 + 1)).
6
6 - (9 - (-5 + 1 + 9))
2
Calculate -13 - ((-4 + 9 - 7) + -6) - -10.
5
What is 2 + -2 + 3 - (-12 + 30 + -11)?
-4
Calculate 5 - (-1 + (6 + -4 - -4)) - -5.
5
What is the value of -9 - ((1 - 3) + (8 - (11 - 0)))?
-4
What is the value of -1 + -5 + 2 - -7 - 11?
-8
34 + 28 - 41 - (12 + -1)
10
What is the value of (-7 - 22) + 23 + -6 + -5?
-17
Calculate (-36 - 0) + (4 - (20 - 25)).
-27
What is the value of -48 + 55 - (28 - (-3 - 0 - -6))?
-18
What is the value of 24 + -19 + (-13 - 16)?
-24
What is the value of 0 + 21 + 18 + -30?
9
What is 2 - (1 + (2 + -2 - (-9 + 7)))?
-1
What is the value of 19 - ((-7 - 2) + -6 + 7)?
27
Calculate 2 + (-17 - -3 - -2).
-10
What is (10 - -16) + -30 + 10?
6
22 + -40 + 13 + 2
-3
What is the value of -15 + (-11 - -8) + (-33 - -15)?
-36
Evaluate 5 + 4 + -4 - (23 + -6 + -1).
-11
What is (0 + 5 - -4 - 41) + (1 - -9)?
-22
Evaluate 1273 - 1263 - (1 - -17).
-8
1 + 1 - ((6 - (-6 + 21)) + 23)
-12
Calculate 2 + (-18 - -1) + 11.
-4
What is -4 + (-25 - -12) + 1 - 3?
-19
Evaluate -6 + (-12 - -14) + 27.
23
What is the value of (1 - (2 + -1 + 3)) + (15 - 19)?
-7
What is the value of 27 + (56 + -68 - (-2 - 2))?
19
Calculate 10 - ((-2 - -8 - -4) + -15).
15
What is the value of (1 + 3 - -2) + (13 - (-19 + 30))?
8
What is 10 + (-10 - (8 - -3))?
-11
Calculate -13 + 3 + (26 - 15) + 5.
6
-3 + -3 + (-1 - (0 - (-5 - -6)))
-6
11 - (11 + 2) - (10 - 16 - -20)
-16
What is the value of 9 + -1 + (258 - 273)?
-7
What is the value of -5 + (-4 - (-7 - -3) - -3) - -11?
9
Calculate 2 + -1 + 3 - (2 - (2 - -9)).
13
Calculate -28 + 25 - 7 - (0 - 2).
-8
Calculate -36 + 2 - (16 + -19 + 2 + -7).
-26
(2 - 8) + (6 - 8) - -4
-4
Calculate (-2 - 5) + (1 - 9) + (60 - 43).
2
11 - -2 - 5 - 10
-2
What is the value of -3 + 16 + (-17 - 2)?
-6
What is (-17 - -9) + 2 + -2 + 1?
-7
Calculate (-515 - -487) + 9 + 2.
-17
Evaluate -41 + -84 - -78 - (-7 - (0 + 1)).
-39
What is the value of 8 + -1 + (-13 - 0 - (-13 - -7))?
0
What is the value of -16 + (28 + -6 - 5)?
1
What is the value of -7 + 0 - (-30 - -1 - -10)?
12
Calculate (-23 - -29) + (6 + -5 - 0) + 3.
10
Calculate -7 - (9 + (6 - (-3 - -18))).
-7
What is 36 + -55 + 31 + -31?
-19
What is -1 + 4 + -6 + 4?
1
((-2 - -1) + -6 - -3) + -7 + 22
11
What is 7 + -10 + 16 + -3 + 4?
14
Evaluate 11 - (2 + 7) - 3.
-1
What is -4 - (3 + (1 + -7 + 10 - 14))?
3
Calculate (27 - (6 - -3)) + -6.
12
What is the value of 0 - -1 - (7 - (1 + 5) - 0)?
0
-20 + -1 + 68 + (39 - 106)
-20
Evaluate -267 + 267 + (-16 - -1).
-15
What is 26 - 21 - 6 - (-2 + (2 - 1))?
0
Calculate (64 - 33) + -14 - -3.
20
What is the value of -7 + (19 - (-10 - -26))?
-4
What is the value of 14 - 2 - -6 - (10 + (-4 - -2))?
10
What is -3 + 8 + 0 + -8 + 5 + 1?
3
What is -35 - 2 - (265 - 289)?
-13
What is the value of 32 - 19 - 54 - (2 + -13)?
-30
31 + -18 + -25 + 23
11
Evaluate -9 + (15 - (1 - 4)).
9
What is the value of (1 + 3 - (12 + -13) - 10) + -6?
-11
Evaluate 6 - ((-41 - 3) + 41).
9
What is the value of 10 - -13 - (-14 + 53)?
-16
What is -2 + 16 + -8 - (11 - -2)?
-7
Evaluate -1 + (4 - (5 + -4 + 1) - -4).
5
What is the value of 10 - ((-24 - (9 + -8 - 7)) + -3)?
31
-76 - -83 - (0 + (9 - 3))
1
What is (-1 - 11) + (438 - 411)?
15
What is the value of -8 - (2 - (0 + (4 - -4)))?
-2
What is (-7 + -4 - 0 - -27) + -1 + 0?
15
What is the value of -2 + (-19 - -12) + 2 + 11?
4
Evaluate 0 + (-19 - -6) - -1.
-12
What is the value of (19 - 8) + -1 + 0 + 8?
18
Evaluate -13 + -11 + 21 - (10 - -1).
-14
Evaluate 10 + 13 + (1 + -1 - (27 + -20)).
16
What is the value of 3 - (2 + 11 + -2) - 11?
-19
Calculate (0 - 0) + (-9 - -24 - 26).
-11
-3 + 2 - (49 + -23) - -2
-25
Calculate ((-7 - 0) + 5 - 2) + (2 - -8).
6
Calculate -4 + 1 + -153 + 148 - 11.
-19
What is -1 + (-9 - -26) - (1 - -3)?
12
What is 19 - (-12 + 30) - 7?
-6
Evaluate -3 - 5 - (137 - 161).
16
What is the value of 27 - 28 - 4 - 24?
-29
Calculate 1 - -2 - (-36 + 6 - -18).
15
What is the value of -41 + 21 + 15 - -35?
30
Evaluat